at is the ten millions digit of 12822764?
1
What is the units digit of 11443189?
9
What is the units digit of 7367013?
3
What is the hundreds digit of 1118427?
4
What is the millions digit of 3677859?
3
What is the tens digit of 4425473?
7
What is the units digit of 3405154?
4
What is the thousands digit of 120878?
0
What is the hundred thousands digit of 529511?
5
What is the tens digit of 426243?
4
What is the hundred thousands digit of 181217?
1
What is the ten thousands digit of 383148?
8
What is the ten thousands digit of 5344026?
4
What is the millions digit of 3058655?
3
What is the tens digit of 32506106?
0
What is the tens digit of 25023?
2
What is the tens digit of 960871?
7
What is the hundreds digit of 4123257?
2
What is the ten thousands digit of 232314?
3
What is the thousands digit of 157535?
7
What is the units digit of 12422908?
8
What is the hundred thousands digit of 842730?
8
What is the ten thousands digit of 7529375?
2
What is the ten thousands digit of 6955275?
5
What is the hundred thousands digit of 509799?
5
What is the units digit of 33162?
2
What is the hundreds digit of 29358?
3
What is the units digit of 9566760?
0
What is the hundreds digit of 4774039?
0
What is the hundred thousands digit of 489172?
4
What is the ten thousands digit of 1260600?
6
What is the units digit of 7699323?
3
What is the tens digit of 545230?
3
What is the hundreds digit of 2796854?
8
What is the thousands digit of 3764?
3
What is the hundred thousands digit of 23017295?
0
What is the thousands digit of 3472348?
2
What is the ten thousands digit of 30537233?
3
What is the tens digit of 1376423?
2
What is the thousands digit of 13601025?
1
What is the thousands digit of 272104?
2
What is the ten thousands digit of 96868?
9
What is the ten thousands digit of 15744882?
4
What is the tens digit of 1011578?
7
What is the hundred thousands digit of 950836?
9
What is the units digit of 1173009?
9
What is the millions digit of 11822037?
1
What is the hundreds digit of 934835?
8
What is the hundred thousands digit of 909423?
9
What is the tens digit of 8667963?
6
What is the hundred thousands digit of 932439?
9
What is the thousands digit of 6715895?
5
What is the hundred thousands digit of 2554092?
5
What is the millions digit of 7993162?
7
What is the units digit of 28367667?
7
What is the hundreds digit of 6517938?
9
What is the hundreds digit of 2734923?
9
What is the units digit of 1034287?
7
What is the thousands digit of 24420933?
0
What is the thousands digit of 292301?
2
What is the units digit of 5341347?
7
What is the units digit of 343544?
4
What is the thousands digit of 248728?
8
What is the hundred thousands digit of 100204?
1
What is the tens digit of 318908?
0
What is the thousands digit of 93089?
3
What is the ten thousands digit of 162814?
6
What is the hundred thousands digit of 2746820?
7
What is the tens digit of 435227?
2
What is the millions digit of 3304412?
3
What is the ten thousands digit of 969677?
6
What is the hundreds digit of 2209254?
2
What is the tens digit of 6232570?
7
What is the hundred thousands digit of 237298?
2
What is the hundreds digit of 3347333?
3
What is the tens digit of 568957?
5
What is the units digit of 1086261?
1
What is the units digit of 2669809?
9
What is the millions digit of 6803335?
6
What is the tens digit of 136045?
4
What is the hundreds digit of 382709?
7
What is the ten thousands digit of 907112?
0
What is the thousands digit of 195682?
5
What is the ten thousands digit of 2757698?
5
What is the tens digit of 3405551?
5
What is the ten thousands digit of 311059?
1
What is the hundred thousands digit of 813116?
8
What is the ten thousands digit of 221693?
2
What is the units digit of 112576?
6
What is the ten thousands digit of 26312785?
1
What is the hundred thousands digit of 2841665?
8
What is the tens digit of 16778937?
3
What is the millions digit of 2320490?
2
What is the ten thousands digit of 248351?
4
What is the millions digit of 6954613?
6
What is the tens digit of 5279001?
0
What is the tens digit of 49877?
7
What is the hundreds digit of 6424726?
7
What is the hundreds digit of 2514341?
3
What is the millions digit of 8609267?
8
What is the hundreds digit of 26653851?
8
What is the thousands digit of 515335?
5
What is the thousands digit of 614854?
4
What is the hundreds digit of 81363?
3
What is the tens digit of 2160172?
7
What is the tens digit of 85638?
3
What is the tens digit of 19648969?
6
What is the tens digit of 2340?
4
What is the units digit of 630993?
3
What is the hundred thousands digit of 4574505?
5
What is the tens digit of 9534108?
0
What is the hundreds digit of 557214?
2
What is the millions digit of 3965371?
3
What is the hundreds digit of 3588965?
9
What is the ten thousands digit of 255484?
5
What is the units digit of 14369?
9
What is the ten thousands digit of 736945?
3
What is the hundred thousands digit of 578958?
5
What is the ten thousands digit of 290058?
9
What is the ten thousands digit of 694675?
9
What is the hundreds digit of 587142?
1
What is the tens digit of 200704?
0
What is the thousands digit of 356783?
6
What is the hundreds digit of 642682?
6
What is the hundred thousands digit of 1326201?
3
What is the hundred thousands digit of 10188440?
1
What is the hundreds digit of 732455?
4
What is the hundreds digit of 14418?
4
What is the hundreds digit of 143923?
9
What is the hundred thousands digit of 1932376?
9
What is the thousands digit of 455714?
5
What is the hundred thousands digit of 3417889?
4
What is the hundred thousands digit of 321274?
3
What is the hundred thousands digit of 852454?
8
What is the units digit of 200491?
1
What is the units digit of 586393?
3
What is the ten thousands digit of 185869?
8
What is the tens digit of 579559?
5
What is the hundreds digit of 240893?
8
What is the units digit of 1473500?
0
What is the units digit of 845692?
2
What is the millions digit of 5858417?
5
What is the hundreds digit of 752860?
8
What is the thousands digit of 417630?
7
What is the thousands digit of 3567464?
7
What is the units digit of 758646?
6
What is the millions digit of 18622779?
8
What is the millions digit of 2460266?
2
What is the tens digit of 16570651?
5
What is the thousands digit of 416724?
6
What is the ten thousands digit of 763396?
6
What is the millions digit of 2102071?
2
What is the ten thousands digit of 173313?
7
What is the hundred thousands digit of 220307?
2
What is the units digit of 15416255?
5
What is the thousands digit of 396253?
6
What is the tens digit of 3418422?
2
What is the hundred thousands digit of 2981996?
9
What is the ten thousands digit of 68185?
6
What is the units digit of 4841070?
0
What is the hundreds digit of 452141?
1
What is the thousands digit of 8586973?
6
What is the units digit of 128694?
4
What is the tens digit of 91302?
0
What is the hundred thousands digit of 1065950?
0
What is the units digit of 9925375?
5
What is the hundreds digit of 185723?
7
What is the units digit of 202131?
1
What is the units digit of 452823?
3
What is the millions digit of 14702657?
4
What is the hundreds digit of 3773052?
0
What is the millions digit of 7692902?
7
What is the tens digit of 259124?
2
What is the thousands digit of 123243?
3
What is the tens digit of 4716108?
0
What is the hundreds digit of 318254?
2
What is the tens digit of 7868008?
0
What is the ten thousands digit of 4784809?
8
What is the tens digit of 236197?
9
What is the thousands digit of 59056?
9
What is the units digit of 15070038?
8
What is the ten thousands digit of 85104?
8
What is the hundreds digit of 34919451?
4
What is the ten thousands digit of 106066?
0
What is the millions digit of 11908075?
1
What is the units digit of 405745?
5
What is the millions digit of 1404599?
1
What is the thousands digit of 4814538?
4
What is the thousands digit of 360273?
0
What is the millions digit of 1132417?
1
What is the tens digit of 2337686?
8
What is the units digit of 3928616?
6
What is the tens digit of 6212?
1
What is the tens digit of 193616?
1
What is the units digit of 1457940?
0
What is the hundreds digit of 1647929?
9
What is the ten thousands digit of 7616464?
1
What is the ten thousands digit of 330687?